- 8. Calculate d(t).
-2
Let n = 8 + -6. Suppose 1 = 3*c - n. Let y(h) = 3*h**2 - h - 1. Let t(r) = 8*r**2 - 3*r - 4. Let u(v) = -2*t(v) + 7*y(v). Determine u(c).
5
Let c(a) = -2*a. Suppose -5*n - 23 + 3 = 0. Calculate c(n).
8
Let l(o) be the second derivative of 4*o**3/3 + 9*o. Suppose -2*c - 3*c + 2*g + 35 = 0, -20 = c + 5*g. Suppose 0 = -c*j + 2 + 3. Determine l(j).
8
Let f(n) = n + 1 + 2 - 2. Let u(l) = -9*l + 1. Let t be u(-1). Suppose 2*z + t + 0 = 0. Give f(z).
-4
Suppose -g - 28 + 25 = 0. Let r(v) = v - 1. Let u(l) = 5*l - 8. Let f(n) = -6*r(n) + u(n). What is f(g)?
1
Let o(v) = -2*v**2 + v. Let r be o(-1). Let z be 1*r/(-12)*8. Let p(i) = -4*i - 2. Determine p(z).
-10
Suppose 0 = -2*g - 0*g. Suppose 0*v - 3*v + 12 = g. Let w(u) = -3*u + 1. Determine w(v).
-11
Let k be (-8)/(-10)*(1 - -4). Suppose n - k*v - 2 = 4, 4*v = -n - 2. Let f be 4 - n - (2 - -2). Let u(a) = a**3 + 2*a**2 + 1. Determine u(f).
1
Let v(c) = 2*c + 3. Let f be v(0). Let y(j) = -j**2 - 3*j + j**3 + f*j**2 - 5*j**2 + 7*j**2 + 5. Give y(-5).
-5
Let p be ((-80)/12)/2*-3. Suppose -4*j - p = j. Let n(w) = -4*w**2 + 7*w + 8. Let y(v) = 5*v**2 - 8*v - 9. Let u(a) = 6*n(a) + 5*y(a). Determine u(j).
3
Let r(t) = -4*t**3 - 4*t + 2. Suppose 0 = -0*o + 2*o - 10. Let y(k) = 5*k**3 - k**2 + 5*k - 3. Let x(g) = o*y(g) + 6*r(g). Let u = -6 + 11. Determine x(u).
2
Let j(z) = 8*z + 7. Let t(c) = -17*c - 15. Let k(i) = -13*j(i) - 6*t(i). Give k(1).
-3
Suppose -2*j - 3*j + 12 = 2*o, -4*j + 13 = 5*o. Let q(t) = t - 4. Let a(k) = 3. Let v(w) = j*q(w) + 3*a(w). Suppose 4*c + 8 = -h, 7 = -2*h - 1. Determine v(c).
-1
Let a be (-2 - 0)/((42/(-9))/(-7)). Let f(d) = d - 3. Calculate f(a).
-6
Let u(c) = c**2 - c - 1. Let g(r) = -2*r**2 + 8*r - 5. Let s(x) = -g(x) - u(x). What is s(6)?
0
Let l(r) = -2*r. Let y be ((-8)/(-5))/(2/(-10)). Let s = -13 - y. Calculate l(s).
10
Let z(x) = x**3 + x + 4. Suppose 4*n + 4*u + 2 - 14 = 0, 3*u = n + 9. Let y be ((0 - n)*-1)/1. Let w be z(y). Let c(g) = g**2 - 4*g + 3. Calculate c(w).
3
Let k(x) = -x**2 - 6*x - 7. Let z be k(-4). Let d(o) = -15*o - 4 - 2 + 7. Give d(z).
-14
Let p(n) = -n - 1. Let w be p(-7). Let x(q) = -1 + q**2 - 2*q - w*q + 4*q. Let o = -4 - -7. What is x(o)?
-4
Let n(l) = 3*l + 4. Let p(z) = -5*z - 6. Let o(f) = 8*n(f) + 5*p(f). Give o(7).
-5
Suppose -5*h - 2 = 4*q, -2*q + 0 = 4*h - 2. Let g(n) = 3*n + 7*n**2 - 9*n**2 - n**h. Suppose -4 = -2*u + 5*p + 10, -3*u + 3*p + 12 = 0. Calculate g(u).
-6
Let w(y) be the second derivative of 3/2*y**2 + 2*y + 0 + 1/6*y**3. Calculate w(-4).
-1
Let w(h) = -5*h**3 + 2*h**2 - 1. Let p be w(1). Let k(m) = -3*m + 2 + 3*m + 3*m. What is k(p)?
-10
Let f(p) = p**3 + p - 1. Let r be 3*2/12*0. Let b be f(r). Let z(c) = c. Determine z(b).
-1
Suppose 0 = -q - 0 - 5. Let d(x) = -x. Calculate d(q).
5
Let m be ((-1)/(-3))/((-5)/(-45)). Let k(u) = -8 - u**m - 2*u**3 + 2*u**3 + 2*u + 6*u**2. What is k(6)?
4
Let d(n) = 3*n**3 - n**2 - n - 1. Suppose 4*y = -y - 35. Let j = y - -6. What is d(j)?
-4
Suppose -2*t + 7 + 5 = 0. Let z = t + -2. Let y(h) = h - 3*h - 3*h + 2 + 4*h. What is y(z)?
-2
Let m(t) = -3*t**2 - 2 + 4*t**2 - 146*t + 145*t. Give m(0).
-2
Suppose 4*d - 11 + 27 = -4*w, -d - 4*w - 1 = 0. Let r(q) = q**3 - 4*q + 1 + 5*q**2 + q - 8. What is r(d)?
8
Let u(j) = -j**3 - 5*j**2 - 3*j + 5. Let f be u(-4). Let l(k) = -4 + f + k + 2. Let w be 1 - (-3 + 2) - 5. Determine l(w).
-4
Suppose -2*k + 12 = -3*f, -f = f - 4*k. Let p(n) = n**2 + 8*n + 3. What is p(f)?
-9
Let x(u) = u + 1. Let p(w) = 3*w - 4. Let y(s) = p(s) - 4*x(s). Let g = 4 - 0. Let v(h) = -2*h - 9. Let z(l) = g*y(l) - 3*v(l). Give z(4).
3
Let x(a) be the third derivative of 0*a + 1/12*a**4 - 1/2*a**3 - a**2 + 0. Suppose 2 = w - 1. Give x(w).
3
Suppose 3*i = -2*d - 3*d + 33, -4*d + 4*i + 20 = 0. Let m(p) = -p**2 + 5*p. Calculate m(d).
-6
Let d(a) = -a + 3. Let s(q) = q**2 + 3*q - 4. Let k be s(-4). Suppose k = -6*m + m. Let j be m + 2 - (-2)/2. Calculate d(j).
0
Let b = -3 + 3. Let i(w) = 3*w**2 + 7 - w**3 + b*w + 2*w - 3. Suppose -10 = -p - 2*s + 4, 0 = -3*p + 4*s - 8. Determine i(p).
-4
Let n(o) = o - 5. Let a be n(6). Let z(h) = -h - 1. Let s(c) = -c + 1. Let f(w) = -s(w) - 2*z(w). Calculate f(a).
4
Suppose -4*o + 4 = -5*u - 9, 0 = 4*o + 3*u + 27. Let i(p) = -p**3 - 3*p**2 - 4*p + 1. Let z be i(o). Let j = z + -8. Let f(q) = -q**2 + 4*q + 5. Determine f(j).
0
Let s(d) = d**2 + d - 3. Let i = 25 + -21. What is s(i)?
17
Let w(b) be the second derivative of b**4/12 - b**3/6 - 9*b**2/2 - 5*b. Determine w(0).
-9
Let r(f) be the first derivative of f**4/4 + f**3/3 + f**2 - 3. Suppose 22*c = 18*c - 8. What is r(c)?
-8
Let v(f) = f**3 - 5*f**2 - 5*f - 6. Let h be (-19)/((-171)/56) + 4/(-18). What is v(h)?
0
Let m(b) = b**3 - 3*b**2 - 7*b + 2. Let l(c) = 2*c**3 - 6*c**2 - 13*c + 3. Let w(u) = 4*l(u) - 7*m(u). Let p be -1 - (-1 + -1 + -2). Give w(p).
-11
Let o(n) = -n**2 - 5*n - 2. Let y be o(-4). Let j(z) = -13 + y*z - 3*z + 13. Let d = -2 - 3. What is j(d)?
5
Let x(v) = v**3 + 4*v**2 - 5*v - 4. Let a(l) = -l**3 - 3*l**2 + 4*l + 3. Let h(q) = -5*a(q) - 4*x(q). Let t be ((-2)/(-4))/((-8)/(-16)). Determine h(t).
1
Suppose b = -1, -2*p + 4*b + 6 = -0. Let i(a) = -a + 0*a**3 + p + 3*a + 2*a**2 + a**3. Determine i(-2).
-3
Let f = -12 + 17. Suppose -15 = -5*a + 4*d + d, a - f = 2*d. Let v(b) = -b**2 + 1. Determine v(a).
0
Let c(v) = v**2 - 8*v + 1. Let k(o) = o**3 + 3*o**2 - o. Let m be k(-3). Suppose j - 27 = -5*t, -33 = -0*j - 3*j - m*t. Calculate c(j).
-6
Let j(u) be the first derivative of -u**4/4 + 2*u**3/3 + 2*u + 13. Calculate j(2).
2
Suppose 6*z - 4 = 2*z. Suppose -z = 2*a + 9. Let m(g) = 2*g + 5. Give m(a).
-5
Let y(b) be the third derivative of b**6/120 - b**5/12 - b**4/6 - 5*b**3/6 + 3*b**2. Give y(6).
7
Let c be 1*(1 - 3 - 1). Let q(f) be the third derivative of f**5/60 + f**4/24 - f**3/3 + 3*f**2. Calculate q(c).
4
Let s(h) = -7*h**3 - 1. Let g(p) = -p**2 - 9*p + 4. Let z be g(-8). Suppose 2 = -j + 5. Suppose f - 4 = v, j*v + z = -f - 4. Give s(f).
6
Let t(k) = 3*k + 7. Let i be (-8)/4 + 5 - 23. Let q be ((-1)/(-2))/(2/i). Give t(q).
-8
Suppose n + 2 = 4. Let g(h) = 2*h**2 - 3*h + 3. What is g(n)?
5
Suppose -2*w + 5 - 1 = 0. Let s(d) = -2 + 5*d**2 + 3*d**2 - 5*d**w + 2*d. Let x be 2/(-5)*1*5. Give s(x).
6
Let f(d) = -d + 2. Let u(m) = -m + 1. Let t(y) = -3*f(y) + 5*u(y). Let g = 40 + -41. What is t(g)?
1
Let n(d) = 2*d**3 + 0*d**2 + 0*d**2 + d**2 + 0*d**2. Let v be n(-1). Let u(s) = s**2 - s - 1. What is u(v)?
1
Let y(b) = -10*b**2 + 6*b + 3. Let c(x) = -7*x**2 + 4*x + 2. Let n = -17 - -12. Let q(t) = n*y(t) + 7*c(t). Suppose -2*u = 16*u - 36. Determine q(u).
-1
Let x(o) = 2*o + 1. Let j = 1 - 1. Let y = -5 + j. Give x(y).
-9
Let a be 1 - 2 - -3*1. Let q(f) = a*f + 2 - 2 + 1 - 3. Let k(b) = -b**3 + 3*b**2 + 3*b + 1. Let y be k(4). Calculate q(y).
-8
Suppose 2*p - 2*l = -5 - 1, l = -4*p + 13. Let o(z) be the first derivative of 1 - 5/3*z**3 - 1/4*z**4 + 4*z - z**p. What is o(-4)?
-4
Let w(u) = -u**2 + 3*u - 4. Let a(c) = c**3 - 4*c**2 - 6*c - 1. Let k be a(5). Let n(g) = -g - 4. Let q be n(k). Let p be 2 + -2 + 1 + q. Calculate w(p).
-4
Let g(f) = 18*f + 17*f - 54*f + 16*f. What is g(6)?
-18
Let m(z) = -z. Let c = -4 + 5. Let h(b) = 7*b + 5. Let y(a) = c*h(a) + 5*m(a). What is y(-5)?
-5
Suppose 4*o = -0*o + 60. Let y be o/(1 - -2) - 2. Let c(k) = -k**2 + 2*k - 2. Give c(y).
-5
Let d(a) be the first derivative of a**4/4 + 7*a**3/3 + 9*a**2/2 + 6*a + 57. Give d(-6).
-12
Let o(j) = j**3 + j**2. Let u(i) = -7*i**3 - 2*i**2 + 3*i + 1. Let s(n) = 6*o(n) + u(n). What is s(4)?
13
Let k = -27 - -32. Let y(j) = 3*j**3 + j**2 - 4*j + 1. Let f(q) = 7*q**3 + 3*q**2 - 9*q + 3. Let l(h) = k*y(h) - 2*f(h). Give l(2).
-1
Let i(g) = -2*g - 2. Let n = -7 - -10. Let u = -1 - n. Calculate i(u).
6
Suppose -3*h = 15 - 6. Let c(z) = -55 - 3*z + 2*z**2 + 51 + 5*z. Give c(h).
8
Let o(i) = -i**3 + 6*i**2 - 3*i + 7. Let y(s) = 5*s - 55. Let p be y(12). What is o(p)?
17
Let h(r) be the first derivative of r**3/3 + 4*r**2 + 6*r + 11. Give h(-6).
-6
Let f = -2 + 3. Let h(j) = f - 2*j - 2 + 0. Suppose 2*s + 0 = -4*c - 8, c + 2*s - 1 = 0. What is h(c)?
5
Let j(o) = -o**3 - 9*o**2 - 8*o - 6. Let r = -80 + 72. What is j(r)?
-6
Let z(d) = 5*d**3 + 5*d**2 - 5*d + 11. Let b(q) = q**3 + 1. Let